3 + -13.
-3
(2 - (7 + -6)) + (11 - (-1 - -5))
8
Evaluate -2 - (-15 + -3 + 8).
8
What is the value of -22 - (28 + -46) - (-32 - 0 - -1)?
27
-1 - ((5 - 4) + -9) - 3
4
What is the value of (-22 + 41 - 4) + -28?
-13
-1 + (11 - 56 - -13)
-33
Calculate 108 + -12 + -92 - (-31 + (0 - 0)).
35
What is the value of -12 + (12 - 2) + 3 + 7 + -9?
-1
Calculate -3 - (-1 + -12 + (16 + -10 - -1)).
3
Evaluate -12 - -23 - -6 - 2.
15
-15 + (-7 - 1 - -18 - 10)
-15
What is the value of -2 - (6 - (23 + (-2 - 10)))?
3
What is -6 - (-4 - 6) - (-15 - 0 - 3)?
22
4 + 5 + (-5 - 8)
-4
Evaluate 2 + 7 + 8 + -27.
-10
Calculate (-49 - -52) + (-3 + 0 - 0).
0
Calculate -4 - 4 - (0 - (10 - 9)).
-7
Calculate (4 + 1 + -10 - (-1 - -3)) + -6.
-13
What is -19 + (6 - (4 + -8)) - -13?
4
What is -4 + 4 + -6 + (0 - -5) - -9?
8
What is the value of 2 - (2 + 4 + -163 + 151)?
8
Calculate 8 + (-2 - (-8 + 7)) - 20.
-13
Calculate (3 - -4 - 6 - 3) + 1 - -11.
10
What is -16 + -20 + (2 - 0) - -11 - -10?
-13
What is the value of 10 + 4 + 0 + -18 + 9?
5
What is the value of -10 + (-3 - 12 - -26) + (2 - 11)?
-8
Evaluate 1 - 1 - (-7 + 19).
-12
3 + 2 + -2 + (-1 - 1)
1
Evaluate -7 + 29 + -7 + -15.
0
What is (30 - 5) + -91 + 50?
-16
What is the value of 36 + -16 + -2 - 19?
-1
What is the value of -8 - (72 + -75 - (-2 + 12))?
5
What is the value of 0 - (9 + (0 - 4) + (2 - 4))?
-3
What is the value of 0 + ((3 - -3) + -3 - 13)?
-10
Calculate -6 + -1 + -6 + 15.
2
Evaluate -2 - (-1 - -1) - (7 + -7 + 6).
-8
Evaluate -3 - -1 - (-6 - 27).
31
What is (-3 - (3 - 11) - 10) + 12 + -25?
-18
-11 + (1 - -1) + -441 + 417
-33
(10 + -15 + 1 - (3 + -11)) + 14
18
Evaluate 7 - 13 - -14 - (2 + 42 - 2).
-34
What is -4 - (-5 + -1 - 7 - -5) - -7?
11
39 + 11 + -20 + -18
12
What is 2 + (6 - 28) + 7 + 2?
-11
Calculate -2 + 3 + 286 + -295.
-8
Calculate -10 + 0 + (-25 - -93 - 42).
16
Evaluate (7 - (7 + 11 + 2 + -5)) + 21.
13
Calculate (4 - (-4 - -4 - 0)) + -21 + 6.
-11
Evaluate 0 + -7 + -27 + 7 + -14 + 39.
-2
What is 3 - (-3 - (3 + -4)) - (24 + -24)?
5
Evaluate -12 - -16 - (5 + 7 + -6).
-2
Calculate (14 - 0) + 23 + (-1 - 4).
32
What is the value of 4 - ((-7 - -10) + 1 + 2)?
-2
Calculate (3 - 2 - -3) + 2 + -6.
0
Evaluate 1 + (-5 - -9) + (-7 - -8) + 7.
13
What is the value of -15 + (7 - -26 - 5)?
13
What is the value of 3 + 0 - 11 - (-654 - -620)?
26
What is the value of 4 + (3 - (4 - 8 - -2))?
9
Evaluate 1 + -1 - (20 + 1 + -10 + 13).
-24
Calculate (0 - 1) + 6 - (16 + (-36 - -27)).
-2
Evaluate 27 + -8 + -5 + 20 + -2.
32
What is 3 + (2 - 3) + (-186 - -148)?
-36
What is the value of 33 - 37 - (-13 + 0)?
9
Evaluate -2 - (-70 - -48 - -42).
-22
What is (-33 - -8) + 21 + -13?
-17
What is the value of -14 - (11 - (12 + -4) - 47)?
30
Evaluate -28 + -1 - (120 + -163).
14
What is -28 + 14 + 14 - 10?
-10
13 - (-6 - (-11 - 3 - 1))
4
Calculate 5 - (-10 - -9) - (10 + 3).
-7
Evaluate -10 + (-2 + (2 - -6) - -6) - 32.
-30
(13 - 8 - (-23 - -13)) + -4
11
Calculate 18 + (-20 - (-6 + -21)).
25
Calculate 6 + -6 + 1 + 1 - 9.
-7
What is 23 + -4 + -4 - (-16 + 20)?
11
Calculate 4 - -4 - (-9 + 14) - -5.
8
What is the value of -11 + 3 + -1 + -1112 + 1088?
-33
Calculate (1 - 12) + -83 + 80.
-14
What is the value of 64 - 42 - (-6 + 2 + -4 + 4)?
26
Calculate -11 + (18 - 1) - -1.
7
Calculate 26 + -5 + -54 + 39.
6
Evaluate -62 - -61 - (-1 - 9) - 5.
4
Evaluate 2 + -9 + (-1 - -7) + -14.
-15
Calculate 7 - ((8 - 10) + 6) - 9.
-6
Evaluate 25 - (-37 + 62) - 33.
-33
Evaluate -99 - -92 - (-25 - -1).
17
What is -7 - (7 + (-10 - 4)) - 6?
-6
Calculate (-55 - -40) + 20 + -3.
2
19 + (0 - (-12 - -20)) + -11
0
Calculate 0 - (9 - -5) - (22 + -29).
-7
What is -1 + -4 - ((-37 - -21) + 24)?
-13
Calculate (6 - 7 - (-10 - -5)) + 13.
17
(17 + -34 - -28) + 15 + -59
-33
Evaluate -1 + (-7 - (-7 + -7)) + -27 + 1.
-20
4 - (1 - (-8 + (0 - -7)))
2
(2 - (-1 + 0)) + (36 - 15)
24
Calculate 24 - 0 - (-402 - -415).
11
What is (-1 - (7 + -9 + -8)) + -9 - 24?
-24
What is the value of (23 - 4) + -7 + 4 + -4 - 3?
9
-3 - (-37 + (-17 - -35))
16
What is (10 - (16 - (11 + -6 - 3))) + 11?
7
What is 10 - (14 + -2 + -9 + 12)?
-5
Calculate 9 - ((1 - (1 - (6 - -4))) + -1).
0
What is the value of 73 - 70 - (0 + -10 + 3)?
10
Calculate 5 + -44 - (-53 - -28).
-14
What is the value of -15 + -11 + (-12 - -20) + (5 - 0)?
-13
What is the value of (3 - 1) + 4 + 5?
11
Evaluate 1 - -13 - (13 - 5) - 3.
3
-4 + (1 + -10 - -1) + (0 - -15)
3
Calculate -2 + (4 - 2) - (-7 - (6 + 8)).
21
Calculate -7 - -4 - (3 - -3 - 0).
-9
-27 + 19 - (4 + (-2 - 3) + 4)
-11
Evaluate -17 - (-23 + 2 + 19).
-15
What is -5 + (-4 - -15) + (11 - 11) - -2?
8
What is the value of 10 - ((-17 - 0) + (-64 - -62))?
29
Evaluate (-138 - -139) + -2 + 1 + -3.
-3
What is 3 - -1 - (-17 - 0 - (-547 + 536))?
10
What is the value of -5 - (4 - (14 - 5 - 7))?
-7
Evaluate 8 - (4 - 6) - -14 - -1.
25
What is -2 - (-9 + (-1 - 24 - -13))?
19
What is -27 + (16 - 5) + 32 + -38?
-22
Evaluate 20 + -3 + -30 + 27.
14
-38 + 40 + (3 - (14 + 0))
-9
-6 + (1 + -1 - (14 + -10)) + 4
-6
-1 - 10 - ((100 - 133) + (-1 - -1))
22
Evaluate 10 - (0 + 45 - (5 + (5 - -1))).
-24
What is 8 + -7 + 15 - (-60 - -46)?
30
-21 - (38 + 31 + -61)
-29
Evaluate -1 - -2 - ((45 - 24) + -20).
0
Calculate (35 - -24) + -32 + -17.
10
What is the value of -25 + (0 - (-33 + 22))?
-14
Calculate (3 - -21) + -122 + 116.
18
32 + -70 + 36 + (3 - 0)
1
Calculate (17 - 14) + (4 - (6 - 5)).
6
Evaluate (24 - 81) + 50 - (-9 + -1 + 0).
3
(15 - 9) + 5 + 4 + (0 - 6)
9
-3 + (2 - 2) + 3 + -4
-4
(0 - (14 + 2)) + (5 - -2) + -15
-24
Evaluate 28 - (-13 + 7 + 10 + 9).
15
What is 29 + (-19 - -2) - (1 - (-41 + 4))?
-26
What is the value of -33 - -36 - (18 + 0)?
-15
Evaluate 11 - (5 + -5) - (19 + -8).
0
0 + (14 - 8 - 10) - -7 - -2
5
What is the value of 33 - (-1 + -5 + (-1 + -7 - -18))?
29
Calculate 11 + 21 + -9 - 14.
9
What is the value of -4 - (-5 - ((7 - 1) + 0)) - -2?
9
(1 + -13 - 1) + (-73 + 107 - 35)
-14
Evaluate -10 - (0 + 3 - (-64 - -59)).
-18
What is 0 - 12 - (271 + -284)?
1
What is the value of (7 - (-3 - (0 + 0) - -2)) + -1?
7
Calculate -2 + -1 + -1 - (-4 + 6 + -20).
14
Calculate 128 + -122 + (-14 - 4).
-12
Calculate ((7 - (4 + -3)) + 3 - -22) + -7.
24
Calculate 6 + -6 + (-8 + 8 - 2) + 16.
14
-1 + 13 + 2 + -1 + (305 - 305)
13
Evaluate (-3 + 11 - (-4 - (0 - 4))) + -43.
-35
75 - 73 - (-7 - -3) - -19
25
Calculate -28 - -23 - (4 + -12 - 0).
3
What is 5 + (-53 - (16 + -39))?
-25
7 - (10 + (1 - (22 + -6)))
12
Evaluate -8 - (126 + -131 + 1 + -1).
-3
Calculate 17 + -7 + 29 + -30.
9
Calculate 10 + (4 - (12 - 0)).
2
Calculate (-576 - -571) + -3 + 1 + 14 - 18.
-11
Evaluate 2 + -21 + -242 + 264.
3
What is the value of (-84 - -83) + (2 + (-2 - -1) - 0)?
0
What is 7 + (-24 - -72) + -40?
15
Evaluate -12 - ((-6 - -7) + 0 + 2 + -2).
-13
Evaluate (-3 - 6) + (6 - (-14 + 6)).
5
What is the value of 8 + 7 - 19 - 2?
-6
Evaluate 27 + (-60 - -25 - -17).
9
What is the value of ((-6 - -2) + 2 - -7) + -5 + -4?
-4
0 + 4 + 8 + 5 + -8
9
Calculate 2 + (-2 - 15 - 1) + (-21 - -19).
-18
(10 - (0 - -11)) + (0 - -2)
1
What is -2 - ((125 - 133 - (0 + 1)) + 3)?
4
(-1 - 1) + (-5 - -23) + -4
12
What is the value of (-36 - 18) + 22 + 19?
-13
(-5 - 1) + (15 - ((28 - 11) + -22))
14
What is (23 + -11 - 22) + 3?
-7
(0 - -32) + 23 + 36 + -68
23
-20 + 7 + -9 + 14 + -14
-22
What is -29 + -1 - (-9 - (-16 + (38 - 21)))?
-20
Calculate 8 + -2 + (661 - 681).
-14
What is the value of 0 + (-5 - (3 - 1) - -14)?
7
5 + (-11 + 21 - 14)
1
What is -3 + (-13 - -21) - 1?
4
Evaluate -4 + 7 + 5 - (0 - 2).
10
1 + (5 + (-1 - 7) - -3)
1
What is the value of -5 + 0 + -79 + 76 + -2 + 13?
3
Calculate (-1 - 2) + 1430 + -1443.
-16
(-14 - -7) + 12 - 16
-11
Evaluate 28 + (-70 - -26) + 20.
4
What is 4 + -1 - 17 - ((-4 - -6) + 8)?
-24
(8 + -2 - 12) + (1 - (-3 + 0))
-2
What is (2 - (-9 - (0 + -6))) + -35 + 18?
-12
-8 + (-11 - -5 - (-3 + -1))
-10
Calculate (8 - (0 + (1 - -5))) + 1 - 7.
-4
Calculate 11 + -12 - (10 - (-3 - (-2 + -8))).
-4
What is the value of -13 + (3 + 5 - (-40 + 41)) + 37?
31
Calculate -24 + 18 + 6 + -21 - -20.
-1
Calculate -17 - (7 + 7 + -21).
-10
What is the value of 1 + -8 - (2 - -1 - (24 - 7))?
7
Evaluate -159 - -183 - (1 + (1 - (-2 - -1))).
21
Evaluate 1 + -4 + 38 + -5 + (-35 - -26).
21
(2 - -2) + 3 + 1
8
What is the value of -15 - ((-9 - -18) + 3 - 21)?
-6
Evaluate 14 - (3 + 5 + 5 +